 10/25 - 143/(-55) - -88 is divided by (-3)/1 + (46 - 10).
25
Let s(b) = 5*b**2 + 1. Let m be s(-1). Let k be 2/m - (-8)/12. What is the remainder when 35 is divided by (12 - 3 - 7) + k*23?
10
Let f be (-8*(-8)/192)/(2/42). Let x be 2*1/f - (-564)/84. Suppose 2*q = x*q - 55. What is the remainder when 37 is divided by q?
4
Calculate the remainder when (-2)/(-4)*1057*(0 - (-25 - -21)) is divided by 162.
8
Suppose -13*h - 967 = 645. Let l = h + 154. Let o(g) = 30*g - 2. What is the remainder when o(3) is divided by l?
28
Let s(c) = 48*c + 5229. Calculate the remainder when s(-8) is divided by 13.
9
Suppose -86*k = -225*k + 16402. What is the remainder when 954 is divided by k?
10
Suppose 0 = 13*h - 15*h + 12. Let m be ((-58)/4)/(5 - 33/h). Let w = -13 + m. Calculate the remainder when 79 is divided by w.
15
What is the remainder when 705 is divided by (-15711)/(-45) - (-10)/200*16/(-6)?
7
Let y = 4648 - 4494. Calculate the remainder when 1205 is divided by y.
127
Let o(p) = 3*p**2 + 11*p - 41. Suppose -3*k + 862 = -2*r - 661, -3*k = r - 1529. What is the remainder when k is divided by o(3)?
15
Suppose 0 = -3*z - 5*f + 14 + 8, 3*f - 15 = -2*z. Suppose -217 = z*k - 16*k. What is the remainder when 89 is divided by k?
27
Suppose 127*r = -116*r + 56*r + 8789. Calculate the remainder when r is divided by 8.
7
Let y = -2978 - -3070. What is the remainder when y is divided by 60?
32
Let n = 12 - 8. Suppose -2*c - c - n*l = -315, -3*l - 9 = 0. Let s = 54 - 17. Calculate the remainder when c is divided by s.
35
Suppose -3*p - 3*b = -1032, 2*b + 0*b = 4*p - 1364. Calculate the remainder when (6/18)/(1/p) is divided by 13.
10
Let m(y) = y**3 - y**2 + 1. Let l(u) = 5*u**3 + 15*u**2 + 25*u - 58. Let t(g) = l(g) - 6*m(g). Calculate the remainder when 17 is divided by t(22).
1
Suppose -96*u = -93*u. Suppose u = -98*c + 106*c - 456. What is the remainder when c is divided by 9?
3
Let x = 23 - 21. Suppose -v + x*c - 1 = 0, c + 2 = 2*c. Suppose k = -b - 2*k + 23, 4*b - v*k = 62. What is the remainder when b is divided by 10?
7
Let k = 45 + -9. Let f(j) = -j**3 - 427*j**2 + 5271*j + 11. Calculate the remainder when f(12) is divided by k.
11
Let m(i) = 138*i - 103. What is the remainder when 746 is divided by m(2)?
54
Let r be 0/(-8 + (9 - -1)). Suppose -3*w + 176 = y, 54 = -r*w + w - 2*y. What is the remainder when w is divided by 2?
0
Suppose 0 = 8*a - 28855 + 26119. What is the remainder when a is divided by 6?
0
Suppose -446 + 538 = v - k, -5*v = 5*k - 480. Calculate the remainder when v is divided by 17.
9
Suppose -w = -3*c - 2323, 91*w - 86*w - 11567 = -c. Calculate the remainder when w is divided by 20.
14
Suppose 39*v + 5328 = 47*v. Calculate the remainder when v is divided by 110.
6
Let s = -474 - -736. Let q = 274 - s. What is the remainder when 239 is divided by q?
11
Calculate the remainder when (-22)/33*19/(-2)*834 - -5 is divided by 43.
41
Suppose 15533 = -798*w + 1115*w. What is the remainder when (-3411)/(-7) + 2/(-7) is divided by w?
46
Let p be (7/3)/(245/210). Suppose -6*w + w = -p*d - 244, -47 = -w + d. Calculate the remainder when 79 is divided by w.
29
Let f = 3380 + -3371. Calculate the remainder when 988 is divided by f.
7
Let t = 62 - 51. What is the remainder when 115 is divided by ((-6)/(-10))/(t/55)?
1
Let s(z) = z**2 - 7*z + 12. Suppose 4*m + 195 = -173. Let p = m + 122. Calculate the remainder when s(11) is divided by p.
26
Let v = -5238 - -5968. What is the remainder when v is divided by 74?
64
Suppose h + r - 43 = -3*r, 3*h - 2*r = 87. Let o = 320 - 229. What is the remainder when o is divided by h?
29
Suppose -12657 = -11*r - 810. What is the remainder when r is divided by 120?
117
Suppose -6*t = -2*t - 256. Suppose 4*s = -34*s + 3078. Let q = s - t. Calculate the remainder when q is divided by 10.
7
Suppose -12621 = 2*t - 34*t + 6931. Calculate the remainder when t is divided by 56.
51
Let n(c) = c**3 + 6*c**2 + 50*c + 190. What is the remainder when (3 - (-141)/(-6))/((-2)/12) is divided by n(-4)?
13
Let d(z) = 3*z**2 + 4*z. Let s be (-4 - (-15)/5) + 6. What is the remainder when d(-7) is divided by (4/s)/(58/2175)?
29
What is the remainder when 400 is divided by (203/35 - 5) + (-592)/(-10)?
40
Let g = 3679 - 3629. Calculate the remainder when 451 is divided by g.
1
Suppose -78*h + 64*h = -1092. Suppose -h = -8*c + 602. Calculate the remainder when c is divided by 22.
19
Let b(y) = 100*y + 111. Calculate the remainder when 466 is divided by b(0).
22
Let b(k) = k**2 - 31*k + 75. Suppose 11*j - 12*j = -65. What is the remainder when j is divided by b(29)?
14
Let n be ((-40)/(-6) - 2)*-3. Let o = n - -21. Let f(r) = -2545*r + 496293. What is the remainder when f(195) is divided by o?
4
Let p = -2121 + 2135. What is the remainder when 167 is divided by p?
13
Let m be -2*150/(-4)*2. Let p be ((-76)/(-57))/((-4)/m). Let l = p - -74. What is the remainder when 69 is divided by l?
21
Suppose 0 = w + w + 2*r, 0 = -3*w + 3*r. Let g = 4 - w. What is the remainder when (-1*46)/(-6 + 4) is divided by g?
3
Let y = 417 - 429. Calculate the remainder when 115 is divided by y*(-9)/((-54)/(-21)).
31
Suppose 3*o + 5 = -2*m, 3*o = 5*o + 6. Let h be 6/5*5/m. Suppose -38 = -h*p - 5*c, 4*p + 45 = 8*p + c. Calculate the remainder when p is divided by 3.
2
Let k(m) = 8*m**2 + m + 235. What is the remainder when k(7) is divided by 143?
62
Suppose 358 + 1326 - 8740 = -126*d. Calculate the remainder when 158 is divided by d.
46
Let l(d) = d**2 - 3*d - 19. Let y be l(-9). Let k = -49 + y. Let r = 48 - k. Calculate the remainder when 35 is divided by r.
3
Let u(c) = c**3 - 7*c**2 - 41*c + 13. Suppose -125 = -5*b - 0*b. What is the remainder when b is divided by u(0)?
12
Suppose 3*q - 26 = -4*z, -4*z + q = -0*z - 18. Suppose -l = z*d - 8, -5*l - 2*d + d + 88 = 0. What is the remainder when ((-15)/2)/((-9)/84) is divided by l?
16
Let b = 364 + 887. Let t = b + -1237. Suppose 0 = -0*w + 2*w - 42. Calculate the remainder when w is divided by t.
7
Let m(z) = z - 1. Let o(q) = -q**2 + 30*q + 17. Let n(l) = -6*m(l) + o(l). Calculate the remainder when 597 is divided by n(23).
45
Suppose 3*r - 90 = -3*v + 66, 236 = 5*v + r. What is the remainder when (1 - 1) + (132 - -1) is divided by v?
41
Suppose -3*g + 9697 = -5*i + 4311, 2*g + 3*i - 3559 = 0. What is the remainder when g is divided by 25?
12
Let j(n) = 6*n**2 + 113*n + 442. Calculate the remainder when 626 is divided by j(-4).
24
Suppose 34*u - 36*u + 10 = 0. Suppose -5*f = -3*r + 404, u*r - 7*f + 9*f = 632. What is the remainder when r is divided by 27?
20
Suppose 6*f = -0*f - 4*y + 436, -5*f = 4*y - 360. What is the remainder when 182 is divided by f?
30
Let r be 0 + -3 - (-14)/2. Suppose k + 3*p - 3 = 76, p + 290 = r*k. What is the remainder when 142 is divided by k?
69
Calculate the remainder when 1418 is divided by (-1)/7*148211/(-31).
52
Let k = -85 - -167. Let o = -77 + k. Suppose 9 = 2*g + g, -o*t + 32 = -g. Calculate the remainder when 47 is divided by t.
5
Let s = -45 + 74. Suppose 184*x - 191*x = 0. Let r(g) = g**3 + 10. What is the remainder when s is divided by r(x)?
9
Suppose 6 = 130*t - 127*t. Suppose 5*k + 0*w - 4*w = 475, -177 = -2*k - w. Suppose -13 = t*r - k. What is the remainder when r is divided by 21?
18
Suppose -3*o + 3*n + 8 = -2*n, -4*o - 20 = n. Let x(g) = -g**3 + 9*g**2 + 5*g + 3. Calculate the remainder when x(o) is divided by 32.
31
Let f(v) be the first derivative of v**4/4 + 7*v**3 + 47*v**2/2 + 42*v - 79. What is the remainder when f(-18) is divided by 13?
12
Suppose 2*w - 83 = -3*s, -2*w - 243 + 296 = -3*s. Let h = -384 - -545. What is the remainder when h is divided by w?
25
Suppose -2*s = 3*v - v - 490, 5*s = 3*v + 1201. Suppose -s = -8*q + 70. Calculate the remainder when 73 is divided by q.
34
Let i be ((-28)/(-21))/(4/300). Let j be (-310)/(-6) + (-3)/(-9). Let z = i - j. What is the remainder when z is divided by 13?
9
Let l = 112 + -296. Let q = 261 + l. What is the remainder when q is divided by 20?
17
Suppose 5*h + 5*k - 10 = 0, 7*h - 8 = 3*h - 5*k. Suppose 0 = -3*g - 4*f + 128, 2*f + 4 = -h*f. Calculate the remainder when 305 is divided by g.
41
Let f = 2545 + -2363. Calculate the remainder when f is divided by 32.
22
Let q be (-8 + 8)*-1*-1. Suppose -5*f + 25 = 5*h